{"id":58,"date":"2019-06-23T17:50:49","date_gmt":"2019-06-23T15:50:49","guid":{"rendered":"http:\/\/barthelec.fr\/?page_id=58"},"modified":"2020-01-30T17:20:42","modified_gmt":"2020-01-30T16:20:42","slug":"nos-realisations","status":"publish","type":"page","link":"https:\/\/barthelec.fr\/index.php\/nos-realisations\/","title":{"rendered":"Particuliers"},"content":{"rendered":"\n<h4 class=\"wp-block-heading\">Travaux de redistribution :<\/h4>\n\n\n\n<figure class=\"wp-block-image is-resized\"><img decoding=\"async\" loading=\"lazy\" src=\"http:\/\/barthelec.fr\/wp-content\/uploads\/2019\/07\/Cuisine-avec-verri\u00e8re-Lapeyre-579x386-custom.jpg\" alt=\"\" class=\"wp-image-199\" width=\"693\" height=\"462\" srcset=\"https:\/\/barthelec.fr\/wp-content\/uploads\/2019\/07\/Cuisine-avec-verri\u00e8re-Lapeyre-579x386-custom.jpg 579w, https:\/\/barthelec.fr\/wp-content\/uploads\/2019\/07\/Cuisine-avec-verri\u00e8re-Lapeyre-579x386-custom-300x200.jpg 300w, https:\/\/barthelec.fr\/wp-content\/uploads\/2019\/07\/Cuisine-avec-verri\u00e8re-Lapeyre-579x386-custom-360x240.jpg 360w\" sizes=\"(max-width: 693px) 100vw, 693px\" \/><\/figure>\n\n\n\n<p>Apr\u00e8s seulement un mois d&rsquo;existence, nous avons r\u00e9alis\u00e9 des petits travaux de modification d&rsquo;installations \u00e9lectriques chez des particuliers. Il s&rsquo;agissait de redistribuer les alimentations \u00e9lectriques des \u00e9quipements de cuisine de mani\u00e8re \u00e0 correspondre aux nouveaux agencements. La principale contrainte dans ces cas l\u00e0 est de trouver des cheminements derri\u00e8re les doublages et dans les cloisons.  <\/p>\n\n\n\n<p><\/p>\n\n\n\n<h4 class=\"wp-block-heading\">Travaux de mise en conformit\u00e9 des tableaux \u00e9lectriques :<\/h4>\n\n\n\n<ul class=\"wp-block-gallery columns-2 is-cropped wp-block-gallery-1 is-layout-flex\"><li class=\"blocks-gallery-item\"><figure><img decoding=\"async\" loading=\"lazy\" width=\"498\" height=\"1024\" src=\"http:\/\/barthelec.fr\/wp-content\/uploads\/2020\/01\/20190905_190228-498x1024.jpg\" alt=\"\" data-id=\"271\" data-link=\"http:\/\/barthelec.fr\/index.php\/nos-realisations\/20190905_190228\/\" class=\"wp-image-271\" srcset=\"https:\/\/barthelec.fr\/wp-content\/uploads\/2020\/01\/20190905_190228-498x1024.jpg 498w, https:\/\/barthelec.fr\/wp-content\/uploads\/2020\/01\/20190905_190228-146x300.jpg 146w, https:\/\/barthelec.fr\/wp-content\/uploads\/2020\/01\/20190905_190228-768x1580.jpg 768w\" sizes=\"(max-width: 498px) 100vw, 498px\" \/><\/figure><\/li><li class=\"blocks-gallery-item\"><figure><img decoding=\"async\" loading=\"lazy\" width=\"757\" height=\"1024\" src=\"http:\/\/barthelec.fr\/wp-content\/uploads\/2020\/01\/20191026_182700-757x1024.jpg\" alt=\"\" data-id=\"273\" data-link=\"http:\/\/barthelec.fr\/index.php\/nos-realisations\/20191026_182700\/\" class=\"wp-image-273\" srcset=\"https:\/\/barthelec.fr\/wp-content\/uploads\/2020\/01\/20191026_182700-757x1024.jpg 757w, https:\/\/barthelec.fr\/wp-content\/uploads\/2020\/01\/20191026_182700-222x300.jpg 222w, https:\/\/barthelec.fr\/wp-content\/uploads\/2020\/01\/20191026_182700-768x1039.jpg 768w\" sizes=\"(max-width: 757px) 100vw, 757px\" \/><\/figure><\/li><li class=\"blocks-gallery-item\"><figure><img decoding=\"async\" loading=\"lazy\" width=\"1024\" height=\"498\" src=\"http:\/\/barthelec.fr\/wp-content\/uploads\/2020\/01\/20191019_075448-1024x498.jpg\" alt=\"\" data-id=\"272\" data-link=\"http:\/\/barthelec.fr\/index.php\/nos-realisations\/20191019_075448\/\" class=\"wp-image-272\" srcset=\"https:\/\/barthelec.fr\/wp-content\/uploads\/2020\/01\/20191019_075448-1024x498.jpg 1024w, https:\/\/barthelec.fr\/wp-content\/uploads\/2020\/01\/20191019_075448-300x146.jpg 300w, https:\/\/barthelec.fr\/wp-content\/uploads\/2020\/01\/20191019_075448-768x373.jpg 768w\" sizes=\"(max-width: 1024px) 100vw, 1024px\" \/><\/figure><\/li><\/ul>\n\n\n\n<p>Remise en conformit\u00e9 d&rsquo;un tableau \u00e9lectrique, redistribution de tous les circuits de la pi\u00e8ce principale en m\u00eame temps que les doublages. Eclairage des abords d&rsquo;un box \u00e0 chevaux.<\/p>\n\n\n\n<ul class=\"wp-block-gallery columns-3 is-cropped wp-block-gallery-3 is-layout-flex\"><li class=\"blocks-gallery-item\"><figure><img decoding=\"async\" loading=\"lazy\" width=\"498\" height=\"1024\" src=\"http:\/\/barthelec.fr\/wp-content\/uploads\/2020\/01\/20190710_154727-498x1024.jpg\" alt=\"\" data-id=\"274\" data-link=\"http:\/\/barthelec.fr\/index.php\/nos-realisations\/20190710_154727\/\" class=\"wp-image-274\" srcset=\"https:\/\/barthelec.fr\/wp-content\/uploads\/2020\/01\/20190710_154727-498x1024.jpg 498w, https:\/\/barthelec.fr\/wp-content\/uploads\/2020\/01\/20190710_154727-146x300.jpg 146w, https:\/\/barthelec.fr\/wp-content\/uploads\/2020\/01\/20190710_154727-768x1580.jpg 768w\" sizes=\"(max-width: 498px) 100vw, 498px\" \/><\/figure><\/li><li class=\"blocks-gallery-item\"><figure><img decoding=\"async\" loading=\"lazy\" width=\"1024\" height=\"955\" src=\"http:\/\/barthelec.fr\/wp-content\/uploads\/2020\/01\/20190904_105009-1024x955.jpg\" alt=\"\" data-id=\"275\" data-link=\"http:\/\/barthelec.fr\/index.php\/nos-realisations\/20190904_105009\/\" class=\"wp-image-275\" srcset=\"https:\/\/barthelec.fr\/wp-content\/uploads\/2020\/01\/20190904_105009-1024x955.jpg 1024w, https:\/\/barthelec.fr\/wp-content\/uploads\/2020\/01\/20190904_105009-300x280.jpg 300w, https:\/\/barthelec.fr\/wp-content\/uploads\/2020\/01\/20190904_105009-768x716.jpg 768w\" sizes=\"(max-width: 1024px) 100vw, 1024px\" \/><\/figure><\/li><li class=\"blocks-gallery-item\"><figure><img decoding=\"async\" loading=\"lazy\" width=\"498\" height=\"1024\" src=\"http:\/\/barthelec.fr\/wp-content\/uploads\/2020\/01\/20190904_104942-1-498x1024.jpg\" alt=\"\" data-id=\"276\" data-link=\"http:\/\/barthelec.fr\/index.php\/nos-realisations\/20190904_104942-1\/\" class=\"wp-image-276\" srcset=\"https:\/\/barthelec.fr\/wp-content\/uploads\/2020\/01\/20190904_104942-1-498x1024.jpg 498w, https:\/\/barthelec.fr\/wp-content\/uploads\/2020\/01\/20190904_104942-1-146x300.jpg 146w, https:\/\/barthelec.fr\/wp-content\/uploads\/2020\/01\/20190904_104942-1-768x1580.jpg 768w\" sizes=\"(max-width: 498px) 100vw, 498px\" \/><\/figure><\/li><\/ul>\n\n\n\n<p>Remise en conformit\u00e9 d&rsquo;un tableau \u00e9lectrique, la difficult\u00e9 de ces travaux consistait \u00e0 retrouver les conducteurs neutre associ\u00e9s \u00e0 chaque circuit. Les circuits ont \u00e9t\u00e9 subdivis\u00e9s et les protections sont regroup\u00e9s dans un coffret Resi9 dans une GTL au m\u00eame emplacement que l&rsquo;ancien tableau. Remplacement de luminaires plus efficaces.<\/p>\n\n\n\n<ul class=\"wp-block-gallery columns-3 is-cropped wp-block-gallery-5 is-layout-flex\"><li class=\"blocks-gallery-item\"><figure><img decoding=\"async\" loading=\"lazy\" width=\"498\" height=\"1024\" src=\"http:\/\/barthelec.fr\/wp-content\/uploads\/2020\/01\/20190911_081945-498x1024.jpg\" alt=\"\" data-id=\"278\" data-link=\"http:\/\/barthelec.fr\/index.php\/nos-realisations\/20190911_081945\/\" class=\"wp-image-278\" srcset=\"https:\/\/barthelec.fr\/wp-content\/uploads\/2020\/01\/20190911_081945-498x1024.jpg 498w, https:\/\/barthelec.fr\/wp-content\/uploads\/2020\/01\/20190911_081945-146x300.jpg 146w, https:\/\/barthelec.fr\/wp-content\/uploads\/2020\/01\/20190911_081945-768x1580.jpg 768w\" sizes=\"(max-width: 498px) 100vw, 498px\" \/><\/figure><\/li><li class=\"blocks-gallery-item\"><figure><img decoding=\"async\" loading=\"lazy\" width=\"498\" height=\"1024\" src=\"http:\/\/barthelec.fr\/wp-content\/uploads\/2020\/01\/20191107_115445-498x1024.jpg\" alt=\"\" data-id=\"279\" data-link=\"http:\/\/barthelec.fr\/index.php\/nos-realisations\/20191107_115445\/\" class=\"wp-image-279\" srcset=\"https:\/\/barthelec.fr\/wp-content\/uploads\/2020\/01\/20191107_115445-498x1024.jpg 498w, https:\/\/barthelec.fr\/wp-content\/uploads\/2020\/01\/20191107_115445-146x300.jpg 146w, https:\/\/barthelec.fr\/wp-content\/uploads\/2020\/01\/20191107_115445-768x1580.jpg 768w\" sizes=\"(max-width: 498px) 100vw, 498px\" \/><\/figure><\/li><li class=\"blocks-gallery-item\"><figure><img decoding=\"async\" loading=\"lazy\" width=\"768\" height=\"1024\" src=\"http:\/\/barthelec.fr\/wp-content\/uploads\/2020\/01\/20191107_124033-0-1-768x1024.jpg\" alt=\"\" data-id=\"280\" data-link=\"http:\/\/barthelec.fr\/index.php\/nos-realisations\/20191107_124033-0-1\/\" class=\"wp-image-280\" srcset=\"https:\/\/barthelec.fr\/wp-content\/uploads\/2020\/01\/20191107_124033-0-1-768x1024.jpg 768w, https:\/\/barthelec.fr\/wp-content\/uploads\/2020\/01\/20191107_124033-0-1-225x300.jpg 225w\" sizes=\"(max-width: 768px) 100vw, 768px\" \/><\/figure><\/li><\/ul>\n\n\n\n<p>Nous avons r\u00e9cemment remis en conformit\u00e9 des tableaux \u00e9lectriques d&rsquo;un autre temps, comme celui ci qui \u00e9tait  enferm\u00e9 dans une enveloppe m\u00e9tallique qui contenait des fusibles en porcelaine avec des recharges au plomb. Il a donc fallu installer un coffret Resi9 dans une GTL \u00e0 quelques m\u00e8tres de l&rsquo;ancien tableau. Bien sur le nouveau tableau devait int\u00e9grer les futurs \u00e9volutions pr\u00e9vues par les propri\u00e9taires. Remplacement de luminaires plus efficaces. <a href=\"https:\/\/www.facebook.com\/barthelec.electricite\/videos\/274609703454467\/?t=1\">https:\/\/www.facebook.com\/barthelec.electricite\/videos\/274609703454467\/?t=0<\/a><\/p>\n\n\n\n<h4 class=\"wp-block-heading\">Remplacement de luminaires ext\u00e9rieurs :<\/h4>\n\n\n\n<ul class=\"wp-block-gallery columns-3 is-cropped wp-block-gallery-7 is-layout-flex\"><li class=\"blocks-gallery-item\"><figure><img decoding=\"async\" loading=\"lazy\" width=\"498\" height=\"1024\" src=\"http:\/\/barthelec.fr\/wp-content\/uploads\/2020\/01\/20190917_103735-498x1024.jpg\" alt=\"\" data-id=\"281\" data-link=\"http:\/\/barthelec.fr\/index.php\/nos-realisations\/20190917_103735\/\" class=\"wp-image-281\" srcset=\"https:\/\/barthelec.fr\/wp-content\/uploads\/2020\/01\/20190917_103735-498x1024.jpg 498w, https:\/\/barthelec.fr\/wp-content\/uploads\/2020\/01\/20190917_103735-146x300.jpg 146w, https:\/\/barthelec.fr\/wp-content\/uploads\/2020\/01\/20190917_103735-768x1580.jpg 768w\" sizes=\"(max-width: 498px) 100vw, 498px\" \/><\/figure><\/li><li class=\"blocks-gallery-item\"><figure><img decoding=\"async\" loading=\"lazy\" width=\"498\" height=\"1024\" src=\"http:\/\/barthelec.fr\/wp-content\/uploads\/2020\/01\/20190917_104116-498x1024.jpg\" alt=\"\" data-id=\"282\" data-link=\"http:\/\/barthelec.fr\/index.php\/nos-realisations\/20190917_104116\/\" class=\"wp-image-282\" srcset=\"https:\/\/barthelec.fr\/wp-content\/uploads\/2020\/01\/20190917_104116-498x1024.jpg 498w, https:\/\/barthelec.fr\/wp-content\/uploads\/2020\/01\/20190917_104116-146x300.jpg 146w, https:\/\/barthelec.fr\/wp-content\/uploads\/2020\/01\/20190917_104116-768x1580.jpg 768w\" sizes=\"(max-width: 498px) 100vw, 498px\" \/><\/figure><\/li><li class=\"blocks-gallery-item\"><figure><img decoding=\"async\" loading=\"lazy\" width=\"647\" height=\"448\" src=\"http:\/\/barthelec.fr\/wp-content\/uploads\/2020\/01\/Prises-Legrand-Plexo.jpg\" alt=\"\" data-id=\"283\" data-link=\"http:\/\/barthelec.fr\/index.php\/nos-realisations\/prises-legrand-plexo\/\" class=\"wp-image-283\" srcset=\"https:\/\/barthelec.fr\/wp-content\/uploads\/2020\/01\/Prises-Legrand-Plexo.jpg 647w, https:\/\/barthelec.fr\/wp-content\/uploads\/2020\/01\/Prises-Legrand-Plexo-300x208.jpg 300w\" sizes=\"(max-width: 647px) 100vw, 647px\" \/><\/figure><\/li><li class=\"blocks-gallery-item\"><figure><img decoding=\"async\" loading=\"lazy\" width=\"602\" height=\"418\" src=\"http:\/\/barthelec.fr\/wp-content\/uploads\/2020\/01\/SLV-MOLAT-Lampe-VINTA-LED-.jpeg\" alt=\"\" data-id=\"284\" data-link=\"http:\/\/barthelec.fr\/index.php\/nos-realisations\/slv-molat-lampe-vinta-led\/\" class=\"wp-image-284\" srcset=\"https:\/\/barthelec.fr\/wp-content\/uploads\/2020\/01\/SLV-MOLAT-Lampe-VINTA-LED-.jpeg 602w, https:\/\/barthelec.fr\/wp-content\/uploads\/2020\/01\/SLV-MOLAT-Lampe-VINTA-LED--300x208.jpeg 300w\" sizes=\"(max-width: 602px) 100vw, 602px\" \/><\/figure><\/li><\/ul>\n\n\n\n<p>Nouvelles r\u00e9alisations \u00e0 Grand Champs des Fontaines. Installations de luminaires et prises de courant ext\u00e9rieurs, de mani\u00e8re \u00e0 passer des moments sympathiques entre amis. <a href=\"https:\/\/www.facebook.com\/barthelec.electricite\/videos\/1344916155658470\/?t=4\">https:\/\/www.facebook.com\/barthelec.electricite\/videos\/1344916155658470\/?t=0<\/a><\/p>\n","protected":false},"excerpt":{"rendered":"<p>Travaux de redistribution : Apr\u00e8s seulement un mois d&rsquo;existence, nous avons r\u00e9alis\u00e9 des petits travaux de modification d&rsquo;installations \u00e9lectriques chez des particuliers. Il s&rsquo;agissait de redistribuer les alimentations \u00e9lectriques des \u00e9quipements de cuisine de mani\u00e8re \u00e0 correspondre aux nouveaux agencements. La principale contrainte dans ces cas l\u00e0 est de trouver [&hellip;]<\/p>\n","protected":false},"author":1,"featured_media":193,"parent":0,"menu_order":0,"comment_status":"closed","ping_status":"closed","template":"","meta":[],"_links":{"self":[{"href":"https:\/\/barthelec.fr\/index.php\/wp-json\/wp\/v2\/pages\/58"}],"collection":[{"href":"https:\/\/barthelec.fr\/index.php\/wp-json\/wp\/v2\/pages"}],"about":[{"href":"https:\/\/barthelec.fr\/index.php\/wp-json\/wp\/v2\/types\/page"}],"author":[{"embeddable":true,"href":"https:\/\/barthelec.fr\/index.php\/wp-json\/wp\/v2\/users\/1"}],"replies":[{"embeddable":true,"href":"https:\/\/barthelec.fr\/index.php\/wp-json\/wp\/v2\/comments?post=58"}],"version-history":[{"count":11,"href":"https:\/\/barthelec.fr\/index.php\/wp-json\/wp\/v2\/pages\/58\/revisions"}],"predecessor-version":[{"id":285,"href":"https:\/\/barthelec.fr\/index.php\/wp-json\/wp\/v2\/pages\/58\/revisions\/285"}],"wp:featuredmedia":[{"embeddable":true,"href":"https:\/\/barthelec.fr\/index.php\/wp-json\/wp\/v2\/media\/193"}],"wp:attachment":[{"href":"https:\/\/barthelec.fr\/index.php\/wp-json\/wp\/v2\/media?parent=58"}],"curies":[{"name":"wp","href":"https:\/\/api.w.org\/{rel}","templated":true}]}}